ten thousands digit of l?
4
Let p(f) = f**3 + 12*f**2 + 6*f + 8. Let k(o) = -o**3 + 7*o**2 + 4. Let j be k(7). Suppose 0*b = -j*b - 44. What is the tens digit of p(b)?
6
Let r = 24992 + -8248. What is the units digit of r?
4
Suppose 3*p - 9 = -2*k, -2*k + 2*p + 8 = 14. Suppose 17*u - 14*u - 5*o - 121 = k, 79 = 2*u - 5*o. What is the units digit of u?
2
Let z = 200 + 428. Let s = 994 - z. What is the hundreds digit of s?
3
Suppose -20 = s - 6*s. Suppose -s*b + 37 - 21 = 0. Suppose 0 = -b*c + 3*p + 529, 2*c + p - 2*p - 265 = 0. What is the tens digit of c?
3
Let t = -273 - -269. What is the hundreds digit of 436/(0/t - -2)?
2
Suppose 9120 = 10*o + 6*o. What is the hundreds digit of o?
5
Suppose -15 = 9*a + 57. What is the tens digit of (0 + a/(-12))*3 - -148?
5
Let h = -21049 - -35100. What is the tens digit of h?
5
Let w(b) = 2*b**2 + 0 + 307*b - 7 - 301*b. Let y(h) = h - 6. Let l be y(0). What is the tens digit of w(l)?
2
Suppose -g - 5*m + 805 = 0, -g + 103*m + 853 = 100*m. What is the hundreds digit of g?
8
Suppose 3040 = 4*a + 3*j, 0 = 2*a - 0*a - 2*j - 1520. Let k be (-3)/(-2) + a/(-16). What is the units digit of (k/(-6))/(-1)*-6?
6
Suppose 671*k - 2472 = 647*k. Suppose -5*w + 4*x - 351 = x, 5*w - x + 347 = 0. Let d = k + w. What is the units digit of d?
4
Let c be ((-3779)/(-5) - 13)/((-2)/(-60)). Suppose -y + 19*y - c = 0. What is the hundreds digit of y?
2
Let t(g) = 892*g**2 - 16*g - 19. Let y be t(-2). Suppose 11421 = 8*v + y. What is the tens digit of v?
8
Suppose 0 = 18*x - 17*x - 87. Let g = x + 206. What is the hundreds digit of g?
2
Let x = -40 - -97. Suppose x*t = 51*t + 1470. What is the hundreds digit of t?
2
What is the ten thousands digit of (-3)/(-6) - -60866*(-2)/(-8)?
1
Let x = 32752 - 4744. What is the tens digit of x?
0
What is the tens digit of (8 - (-5 + -1980)) + (-4 - -6)?
9
Suppose -95*f + 89*f + 6 = 0. Let v be (4/(-3) + f)*0. Suppose v*w = -5*x + 4*w + 198, -3*x - 5*w + 104 = 0. What is the tens digit of x?
3
Suppose 3*t - 4*p = 15, -t - t + p = -15. What is the hundreds digit of (-1)/t - (-47600)/72?
6
Let z(a) be the first derivative of 123*a**2 - 149*a + 286. What is the units digit of z(5)?
1
Let p(z) be the third derivative of -z**5/60 + 31*z**4/24 - 3*z**3 - 85*z**2. What is the tens digit of p(28)?
6
Let f(t) be the third derivative of -t**6/60 - t**5/15 + 25*t**4/24 + 17*t**3/6 - 103*t**2. What is the tens digit of f(-8)?
8
Let s be (-8)/5*(-669)/(-6)*-5. Suppose -9*p + s = -7*p. What is the hundreds digit of p?
4
Let a be 9/12 - (-6915)/(-20). Let x = a - -94. Let j = x - -368. What is the tens digit of j?
1
Let u be (-1)/(-4) + (-1645)/(-20)*7. Suppose 4*x = 312 + u. What is the tens digit of x?
2
Suppose 0 = -43*a + 22936 + 13227. What is the units digit of a?
1
Let g(w) = w**2 - 2*w + 5. Let d(c) = -c + 1. Let y(j) = 2*d(j) - g(j). Let o be y(-3). What is the units digit of 3/(-12) + (-2307)/o?
2
Let t(b) = b**3 - 8*b**2 + b + 8. Let x be t(8). Let c(g) = 3*g + 78. What is the units digit of c(x)?
6
Let i(t) = 2*t**3 - t**2 - 4*t. Let v be i(3). Suppose -22*l = -6*l. Suppose l*x + v = 3*x. What is the units digit of x?
1
Let p = -21 + 87. Suppose -p = 16*b - 5*b. What is the units digit of 10 + b/((-1)/(-1)*2)?
7
Suppose -5*u + 56*u = -3*u + 1736154. What is the ten thousands digit of u?
3
What is the hundreds digit of ((-1736)/155)/((4/(-92))/(54 + 1))?
1
What is the hundreds digit of (-147465)/(-25) + (198/45)/11?
8
What is the hundreds digit of (-4)/(-10) + 5084859/65?
2
Suppose 109*d + 612456 = 2721170. What is the tens digit of d?
4
Let k(o) = -67*o + 10. Let a(u) = 68*u - 10. Let p(b) = -3*a(b) - 4*k(b). What is the hundreds digit of p(3)?
1
Let n be (-1410)/(-3)*(-24)/60. Let r = n + 662. What is the hundreds digit of r?
4
Suppose -z - 3*z = 5*v - 43, -v + z + 5 = 0. Suppose v*b - 961 = -114. What is the hundreds digit of b?
1
Suppose -5*j + 2*c = 61, 0*j + 3*j + 49 = -5*c. Let r = 191 + -45. Let x = r + j. What is the units digit of x?
3
Suppose 0 = 4*x - n + 5 + 27, -4*x - 32 = 3*n. What is the units digit of x*31/2*-8?
2
Suppose 5*z - 11*z + 5*d = -46499, 23247 = 3*z - 3*d. What is the units digit of z?
4
Let v(q) = -6*q**2 - q**3 - 29*q - 3*q**2 + 29*q. Let p be v(-9). Suppose -2*n + 22 = 2*z, p = -2*z - n + 2*n + 19. What is the units digit of z?
0
Let a = 293 - 221. Suppose -4*r + 1442 = 2*s, 75*s = -r + a*s + 373. What is the units digit of r?
8
Let a(o) = 2*o - 35. Let f be a(-20). Let x = f - -125. What is the tens digit of ((-4875)/x)/((-1)/2)?
9
Suppose u = 5*u - 2992. Let v = u + -488. What is the tens digit of v?
6
Suppose 0 = 7*x + 4*x - 23144. What is the thousands digit of x?
2
Let p be 4 + (-8)/(-6)*(-9)/6. Let y be (3 + -1 - (0 + p))*1. Suppose 11*w - 16*w + 220 = y. What is the tens digit of w?
4
Let d(v) = -2255*v + 55. What is the thousands digit of d(-10)?
2
Suppose -7*u = -u - 258. Let h = -42 + u. What is the tens digit of 5/h + 6 + 21?
3
Let b = 49060 + -23770. What is the hundreds digit of b?
2
Let r = 503 + 569. Suppose 5*w = 2*c + 54 - r, 0 = c - 5*w - 514. What is the tens digit of c?
0
Let k(r) = -5*r. Let w be k(-1). Suppose -4*a + 5*g - 33 = 16, -4*a - w*g = -1. What is the hundreds digit of (-609)/(-4) + (a - 92/(-16))?
1
Suppose 295348 = 4*g + 4*k, 0 = 31*g - 36*g - 2*k + 369203. What is the hundreds digit of g?
8
Suppose -27 = -4*r - 3*p, 0*r - p = -2*r + 1. What is the tens digit of (2 - -147) + r/1?
5
Let h(z) = 33*z**2 - 23*z + 5. Let q be h(-11). Suppose 19*w - q = 404. What is the units digit of w?
5
Suppose 2*x = -0*x + 4*b, 0 = x - 5*b + 12. Suppose 4*h = -2*h - 24. What is the units digit of x/(-12)*174/h?
9
Let l(a) = a**2 - 7*a - 6. Let b be l(7). Let m be 15/(-6)*b/5. Suppose j = 3*d - d + 27, -2*d = -m*j + 89. What is the tens digit of j?
3
Suppose -28 = -o + 56. Let i = o - 84. Suppose i = -5*c + 832 + 73. What is the hundreds digit of c?
1
Let y(d) = -d**3 - 7*d**2 - 2*d - 21. Let m be y(-8). Suppose -m - 676 = -a. What is the units digit of a?
5
Let m = -11781 - -29228. What is the tens digit of m?
4
Suppose 6*t - t = 5*k + 35, 18 = 4*t - 2*k. Suppose 5*z = -t*j + 40, z = -0*z - 5*j + 8. Suppose z*w = 4*w + 212. What is the units digit of w?
3
Suppose -3*l = -3*u + 4650 + 74436, -5*l = 4*u - 105475. What is the ten thousands digit of u?
2
Let v(q) = -4*q + 103. Let j(y) = -3*y + 69. Let p(f) = -7*j(f) + 5*v(f). Suppose -611 + 743 = 22*n. What is the units digit of p(n)?
8
Suppose 0 = -2*x + 11*x + 27. What is the tens digit of (x/(-12)*-262)/(1/(-6))?
9
Let g = 3 + 0. Suppose 0 = -6*x + g*x + 441. Let m = 233 - x. What is the tens digit of m?
8
Let p(f) = f**3 - 24*f**2 - 16*f + 41. Let a be p(17). What is the tens digit of (-2)/(-10) - a/5?
5
Let c(w) = 56*w**2 + 77*w + 39. What is the thousands digit of c(24)?
4
Let p(f) be the third derivative of -3*f**4/8 - 2*f**2. Let w = 687 + -693. What is the tens digit of p(w)?
5
Let w(y) = y**3 + 13*y**2 - 14*y + 22. Let f be w(-14). Let q = f + -18. Suppose q*h = 126 + 342. What is the units digit of h?
7
Let s be 3*(1 - 120/(-9)). Suppose 0 = -33*t + 3488 + s. What is the units digit of t?
7
Suppose -11*g + 260*g = 1133448. What is the units digit of g?
2
Suppose 5*f + 20 + 19 = -z, -f - 2 = 0. Let m be (6 - 5)/((-2)/(-178)). Let a = m + z. What is the tens digit of a?
6
Suppose -3*l + 5*s - 1933 = -76850, 5*s - 124875 = -5*l. What is the thousands digit of l?
4
Let m be (-7600)/(-70) - 12/(-28). Suppose -z - 2*s + 39 = -3*s, 3*z - s - m = 0. What is the units digit of z?
5
Let y(k) = 2*k**3 - 3*k**2 + 1. Let z be y(2). Let u be ((-4)/z)/(5915/1975 + -3). Let g = 266 - u. What is the hundreds digit of g?
1
Let r(c) = -4*c**2 + 2*c - 19. Let f be r(-8). Let o = f + 329. What is the tens digit of o?
3
Suppose 852*x + 53928 = 858*x. What is the thousands digit of x?
8
Suppose -334*f + 259331 = -444073. What is the tens digit of f?
0
Let m = 22442 + 13118. What is the units digit of m?
0
Let w be (128/40 - 2)*(-10)/(-6). Let i be w + -2 + (2 - -7). What is the tens digit of 263*(i - 5)/4?
6
Let l(s) = -s**3 - 15*s**2 + 18*s + 4. What is the hundreds digit of l(-17)?
2
Let q = -10596 - -16684. What is the thousands digit of q?
6
Let v = 630 + -1319. Let n = 1155 + v. What is the tens digit of n?
6
L